35.
-8
What is (-3 - -18 - -11) + (7 + -10 - 1) + 4?
26
Calculate 157 + -57 + -19 + -59.
22
What is the value of 46 - ((-26 - (-28 - -55 - 52)) + 9 + 1)?
37
Calculate -85 + (10 - (23 - ((-9 - (-5 - 3)) + 14))).
-85
Evaluate -9 - (0 - 0 - (-31 - 3)) - (11 + -7).
-47
What is 5 - (-1 + -65) - (-3 + -10 - -11)?
73
Calculate -2204 + 2142 - (-1 + -93).
32
-65 - (-185 + 172 - ((-1 - -4) + 2))
-47
Calculate -8 - (7 - 40 - -11) - 7.
7
What is the value of ((-3 - 9) + 28 - -12) + -15?
13
(977 - 961) + -17 + -2
-3
Evaluate 15 - (14 - 1 - -27).
-25
Calculate -1 + -46 - (407 + -292 + -76).
-86
Evaluate -605 - -535 - (-6 + -62).
-2
What is -1 + (-11 - 2) + -1 + (200 - 199)?
-14
(33 - (7 + 33 + -10)) + -36 + 0
-33
What is -217 + -128 + 356 + 12 + -4 + (1 - -1)?
21
(-65 - (-17 + -16)) + -1
-33
Evaluate -3 + (-2 - (7 - 2)) + 5 + 3 + 4.
2
What is 0 + -3 + (-9 - -147) + 90 + -105?
120
What is (-41 + 7 - 46) + 0 + -3?
-83
Evaluate -20736 + 20745 + (0 - -38 - (0 + 0)).
47
Evaluate 0 + (21 - 62 - -96).
55
What is -53 - (12 - -1 - ((25 - 30) + 12)) - -13?
-46
Evaluate 264 - 315 - ((-1 - 2) + -2 + 17 + -3).
-60
Evaluate (1 - -7 - (21 - 8 - 15)) + (-3 - 2).
5
What is the value of -89 - (-119 + 69 + -69)?
30
Evaluate 1 + (2 - -6) + (-56 - (-13 + 19 + -23)).
-30
Calculate 50 + 38 + -62 + (26 - 4).
48
What is the value of (2 - (-19 - -38)) + (-5 - -21) - 72?
-73
What is the value of -55 + 7 + 41 + 4 + 2 + 0 + -1?
-2
What is (490 + -500 - (-26 + 5 + -7)) + -42?
-24
What is -15 + 2 + -12 + 3 + (-2 - -5)?
-19
(0 - -5) + (-1 - (-7 - (-5 + -9 - 1)))
-4
47 - 51 - -7 - (-2 + (3 - -3) + 80)
-81
Calculate 0 + 1 + (69 + -46 - 8).
16
Calculate (40 - -16) + -60 + 8.
4
What is the value of (0 - 1 - (-113 + 106)) + (-5 - (2 - 22))?
21
(12 - (0 - -34 - 20)) + -2 + (-1 - -25)
20
Evaluate 0 + 2 - 0 - ((100 - 123) + 25).
0
What is 0 + (-22 - -6) + (-9 - -19) + -35?
-41
Calculate -7 + 31 + 7 + -20 - -8.
19
Calculate (-357 - -369) + 0 + -11.
1
Evaluate 29 - (28 - (6 + 68)).
75
What is the value of 18 - 0 - (-685 - -687) - 8?
8
What is -47 + (44 - 34 - -44)?
7
Calculate 72 - 79 - (1 - 36) - 27.
1
(-30 - (-6 - -11)) + (-21 - (-1 + -14))
-41
(-1 + 7 - (-618 - -628)) + 0 + -4
-8
What is the value of (18 - (2079 - 2086 - (-1 - (12 + 0)))) + 48?
60
-10 - (0 - -9 - (-16 - -46 - -11 - 14))
8
What is the value of -57 + 3 - (-3 + (-5 - (10 - 6)) + 2)?
-44
(-145 - (-139 - 38)) + (-50 - -2)
-16
What is (73 + -4 + 6 - (-29 - -18) - -13) + -8?
91
What is 13 + (-30 - (13 + (-15 - -8) + 0))?
-23
What is (3 - 14 - -10) + -3 - -16?
12
What is (-32 - -20) + (5 + -1 + -3 - -17)?
6
What is the value of -3 - (-18 + (32 - 39))?
22
Evaluate 223 + -79 - (-1 + 119).
26
What is the value of -27 - (2 + -2 + 2 + 5 - (97 - 81))?
-18
(570 - 606) + (-2 - -4 - -1)
-33
What is 2 + -3 + 40 - (-68 - -61)?
46
What is (-33 - -22 - 13 - -20) + 21?
17
What is 2 + -82 + (-3582 - -3586)?
-76
Evaluate -15 - (19 + 49 + -10 + -7 + 13).
-79
-21 - -24 - (120 + -82)
-35
Evaluate 1 + 25 + -1 - (-5525 - -5530).
20
(15 - ((9 - 9) + 24)) + -11 + 14 - 6
-12
Evaluate 38 + -33 + (-29 - (23 + 1)).
-48
Calculate (386 - 377) + 3 + 0 + (5 - -1).
18
Calculate (-12 + 9 + -60 + -2 + 10 - 10) + 5.
-60
Calculate 80 + (-12 - -34 - (15 - 4)).
91
Calculate 4 + (8 - 17) - 45 - (-9 + 12).
-53
What is 1 - -52 - (-748 - -749)?
52
Calculate -30 - ((29 - 18) + -9) - -19 - -14.
1
Calculate 12 - (-6 + 12) - (-18 + 13 - 0).
11
What is the value of -9 - (-11 + (-98 - -78 - (-9 + -2)))?
11
What is 19 + 51 + -26 + -26?
18
Calculate -127 - -114 - (-13 - (-7 + 1)) - (2 + 24).
-32
(-9 - (-74 + 19)) + 14
60
50 - (-8 + -17 + 4 + 26)
45
What is 5 + (84 - 22) + -14?
53
Calculate 0 + 8 - (103 + -4 + (-29 - -7 - -2)).
-71
Evaluate (-97 - -37) + -11 - ((-1 - -2 - -6) + -16).
-62
3 - ((-26 - (6 - 17)) + 20 - (13 - -1))
12
What is 144 + -158 - (-63 - -10)?
39
What is 13 - (-84 - -1 - (10 + 2)) - -11?
119
Evaluate 89 - (3 + -14 + 9 + 26).
65
0 + -84 + (8 + 0 - 1 - (1147 + -1146))
-78
-33 + 15 + (-2 - -3 - 0 - -8) + 66
57
26 + -24 + (4 - (71 + (-3 + 0 - -4)))
-66
Evaluate 47 - ((66 - 25) + -23).
29
Calculate (69 + 17 - 48) + -35.
3
What is -21 + (-44 - -15 - -70 - 29)?
-9
What is the value of -90 + (18 + (24 - 57) - (-22 - -1))?
-84
Calculate (-2 - -34) + (756 - 773) + (-1 - -38).
52
(-7 - (225 - 240)) + 1 + 1 + 4 + 0
14
What is the value of (-6 - 0) + 7 - (-9 + -20 + 15)?
15
What is the value of -73 + 46 + (-26 - -7)?
-46
What is (10 - -63) + -48 - 110?
-85
Evaluate (4 + 16 - 39) + 50.
31
Evaluate -6 - ((-10 - -52) + 59) - -21.
-86
Evaluate 18 + 14 + (0 - 4) - ((17 - -39) + -51).
23
Calculate ((-27 - 8) + 13 - 7) + 19 + -15.
-25
-2 - -1 - (9 - (55 + 5 + -11))
39
Calculate -139 + (-173 - -334) - (-47 + -1).
70
Calculate (4 - (-2 - 0) - (85 - 78)) + (-41 - -31).
-11
Evaluate -54 - (32 + 13) - -59.
-40
Calculate (-16 - 40) + 72 - -22.
38
What is 11 + (22 - -13) + -43?
3
(-58 - -56) + -19 + (-2 - -63)
40
Evaluate 5 + 35 + (66 - 145).
-39
-2 + 2 + -39 + (-32 - -81)
10
What is the value of 2 + (-2 - 27) - (-490 - -474)?
-11
(-18 - (-32 - (-45 - -32))) + 81
82
(47 - (40 + -40)) + 3
50
Evaluate 2 + -33 + -51 + (40 - 10).
-52
What is the value of 24 + 5 - ((-28 - -12) + 16 + 11)?
18
Evaluate (11 - 35) + 85 + (-2 - (2 + 0)) + 1.
58
What is -21 + (-14 - -4) + -7 + 24?
-14
What is the value of 7 + -2 - (-3 + (13 + 8 - -3) - -25)?
-41
What is 8 - (-18 - (-55 - -43))?
14
11 - (2 - -4 - -15 - 6)
-4
What is the value of (3 - 13) + 26 + -3 - (55 - 9)?
-33
What is the value of (-7 - -5 - (-1 - 34)) + (96 - 82)?
47
What is the value of 53 + -32 + (41 - 19)?
43
What is -3562 - -3471 - (-58 - 2)?
-31
Evaluate -50 - (-26 - ((-29 - -24) + -8)).
-37
Calculate 9 + 3 + 1 + -33 + -162 + 168.
-14
What is the value of -8 - (7 + 9 - (-19 + 45) - (-9 - 2))?
-9
What is the value of 16 + 31 + -110 + 83?
20
Evaluate 202 + -255 - -118 - (25 - 2).
42
-10 + ((9 - 15) + 10 + 1 + -10 - -20)
5
Calculate 5682 + -5709 - (-48 + -2 + 0).
23
Calculate -16 - (84 - -2 - (46 + 7 - 45)).
-94
Calculate (-1 - 26 - (-30 - -69 - 46)) + 4.
-16
What is the value of -3 - 0 - 6 - (0 - -50 - (8 + -14))?
-65
7 + (42 - 20) + -51 - 1
-23
Calculate -79 - (-66 + (-117 - -126)).
-22
What is the value of -99 + (21 - (44 + -45)) + 9 + 0?
-68
Evaluate -11 + (7 - (-2 + 0) - 6) - (-67 - -171).
-112
22 + (0 - 25 - (126 - (235 - 108)))
-2
Calculate 351 + -251 + (2 + 3 - (-14 - -15)).
104
Calculate -3 + 3 + 1 - (169 + -156 + -50).
38
What is the value of (-11 - -34) + 1 + (-15 - -2 - -11)?
22
Evaluate (-9 + -2 - -16 - (0 + -2)) + 1 + -4.
4
Evaluate 7 + -2 - ((-13 + 13 + -8 - -58) + 6).
-51
What is -4 + 18 - (229 + -198)?
-17
What is -3 + 8 + (-129 - -113) + (2 - -5) + 25?
21
What is (-36 - 36) + 102 - (-12 - (-4 + 2))?
40
Calculate (-13118 - -13069) + 0 + -1 + 13.
-37
What is 0 - -5 - (81 + -28) - (-335 + 350)?
-63
What is 57 - 56 - 15 - -70?
56
(-2 - (2 - 4)) + -3682 + 3705
23
What is the value of -15 + 52 - -10 - 42?
5
Calculate (-32 - 4 - (-42 + 58)) + 32.
-20
Evaluate 1 + 76 - (30 + -72 + 57) - 20.
42
-84 + (19 - -43) - 42
-64
Evaluate 2 - -8 - (-379 - -399 - (1 - 43)).
-52
Evaluate 2 + 45 - (2713 + -2727).
61
What is the value of 24 + 121 + -2 + 0 + 365 + -368?
140
Evaluate (20 + (-3 - 12 - 5) - (0 + -8)) + -98.
-90
What is the value of -600 + 654 + -58 + (2 - ((0 - 0) + 0))?
-2
What is (-92 - (-2 + -2)) + 1683 + -1671?
-76
Calculate -4 + (4 - 2 - ((30 - 13) + -17)) - 22.
-24
What is (-46 - -15) + (-11 - (-30 - 7))?
-5
What is -6366 + 6415 - (-1 - (-35 + 1))?
16
Calculate 161 + -112 - 65 - (-3 - (48 - 1)).
34
What is the value of -16 + (5 + 21 - 5) - (-2 - 21)?
28
What is the value of -66 - (-58 - (8 + -35))?
-35
Calculate 88 - -2 - (12 + 0 - (3 - 24 - -26)).
83
Calculate (-1 + 6 + 2 - (-7 + 2 - 5)) + 11.
28
What is the value of (0 - -27 - (-306 - -325)) + 2?
10
-24 - (4 - 15) - -4 - -20
11
Calculate -650 - -626 - (-11 - (3 + -5)) - 16.
-31
What is 154 + (-105 - (22 - -127))?
-100
Evaluate 133 - (-7 - (19 + -49) - 33 - -14).
129
What is the value of 8 + (1 - 1 - (5 - (22 + -30)))?
-5
-26 + 0 + (6 - 26) + (25 - 0)
-21
Calculate -46 + 29 + -12 + 2 + 10.
-17
What is (-2 - (-62 + 2)) + -25 + (-14 - -40) - -6?
65
What is 95 + (-126 - (-43 - -54))?
-42
Calculate -6 + 75 + (-309 - -319).
79
What is 8 + -4 + 17 + -14 + (34 - 0)?
41
Calculate -15 - (